0001011?
1100101000100000110
In base 11, what is 1557057 + -2?
1557055
In base 4, what is -2 + -20323023?
-20323031
In base 12, what is -3 - 64a5?
-64a8
In base 15, what is -1 + c8b?
c8a
In base 4, what is -110231313 + -10?
-110231323
In base 2, what is 10001100110101 + -11?
10001100110010
In base 11, what is 206267 + -5?
206262
In base 9, what is 3531 + -12?
3518
In base 2, what is -101101011 - -100000101?
-1100110
In base 8, what is 151567 - 0?
151567
In base 7, what is 5 - -4235?
4243
In base 5, what is -111 + 13433?
13322
In base 11, what is -20226 - -15?
-20211
In base 5, what is 3 + -112034?
-112031
In base 10, what is -1130 + 3742?
2612
In base 2, what is 1010010010001100 - 111?
1010010010000101
In base 4, what is 0 - -100331213?
100331213
In base 14, what is -8 - 31252?
-3125a
In base 15, what is -69e7c - -2?
-69e7a
In base 6, what is 34552335 - -5?
34552344
In base 13, what is 1773 + 28?
179b
In base 10, what is -10 + 270?
260
In base 14, what is -3dc - bb?
-4b9
In base 5, what is 1002101 - 2?
1002044
In base 2, what is -1001111100001110010010 - -10?
-1001111100001110010000
In base 6, what is 11413233 + -5?
11413224
In base 10, what is -31806 - -75?
-31731
In base 15, what is -20 - 169?
-189
In base 10, what is 11 + -11067?
-11056
In base 14, what is -14 + -14d80?
-14d94
In base 9, what is -2 + 13186?
13184
In base 2, what is 111001011 + -110100011?
101000
In base 7, what is -311 + 1225?
614
In base 16, what is 4 - 13b47?
-13b43
In base 13, what is -2 - -525b?
5259
In base 9, what is 48235 - 3?
48232
In base 14, what is -1 - 4b072?
-4b073
In base 8, what is 42 + -73112?
-73050
In base 16, what is 1eb - -2a?
215
In base 9, what is -4726 - -4?
-4722
In base 14, what is 435d + 5?
4364
In base 6, what is 1 - -243120?
243121
In base 15, what is b53a + -3?
b537
In base 4, what is -201210 - 1321?
-203131
In base 14, what is -dac2 - c?
-dad0
In base 3, what is 211002120 + 210?
211010100
In base 5, what is 3014314 - 10?
3014304
In base 10, what is 986479 - 2?
986477
In base 13, what is -3ca39 + -1b?
-3ca57
In base 9, what is 785236 - 3?
785233
In base 9, what is -544 + 225?
-318
In base 10, what is 42853 - -85?
42938
In base 9, what is 1 - 311317?
-311316
In base 13, what is 10 + 25c5?
2605
In base 12, what is -4 - 3465?
-3469
In base 9, what is 21230 + -1?
21228
In base 9, what is -243 - -2610?
2356
In base 14, what is 177 + 1d?
196
In base 6, what is -20003 - 310?
-20313
In base 13, what is -4 - 720a?
-7211
In base 3, what is 120020000 - -1222?
120021222
In base 2, what is 10011010001 + -10000?
10011000001
In base 11, what is 5530 - 9?
5522
In base 4, what is -23003101 + -21?
-23003122
In base 2, what is -10010 + 111100011101?
111100001011
In base 15, what is -55b0a + -10?
-55b1a
In base 11, what is -3a + 2a6?
267
In base 7, what is -3 - 350130?
-350133
In base 9, what is -75358 - -5?
-75353
In base 16, what is -c - 1a8?
-1b4
In base 4, what is -30 - -301133?
301103
In base 15, what is 0 + 143c1?
143c1
In base 10, what is -22410 + 16?
-22394
In base 4, what is -112120020031 - 1?
-112120020032
In base 7, what is 3465 + 12162?
15660
In base 11, what is 3826 + 503?
4229
In base 4, what is -2 - 201301003?
-201301011
In base 8, what is 2711 - -13?
2724
In base 4, what is 1102110220 + 10?
1102110230
In base 11, what is 1 + 68863?
68864
In base 10, what is -968724 - 4?
-968728
In base 13, what is 44c5 + 0?
44c5
In base 10, what is 225 + 2209?
2434
In base 13, what is 480a + -b?
47cc
In base 6, what is -4134 - -551?
-3143
In base 14, what is 3174b - -10?
3175b
In base 3, what is -110 - -122002202?
122002022
In base 15, what is -d46 + -14?
-d5a
In base 11, what is -31 + -a80?
-1001
In base 3, what is -112220100 - -20212?
-112122111
In base 12, what is -1584b - 11?
-15860
In base 15, what is -dc62 - -4?
-dc5d
In base 11, what is -1a97 - -37?
-1a60
In base 8, what is -5757767 + -2?
-5757771
In base 7, what is -3602425 + 0?
-3602425
In base 13, what is 5 - 24b5?
-24b0
In base 11, what is -99282 - -5?
-99278
In base 7, what is 123 - 20544?
-20421
In base 9, what is -177 - 63?
-251
In base 9, what is 120 + -34842?
-34722
In base 16, what is -a + -94e?
-958
In base 3, what is 12 - 2120100022202?
-2120100022120
In base 9, what is -5210 - 4?
-5214
In base 3, what is -10002022 + 1120?
-10000202
In base 16, what is 10cc - -1?
10cd
In base 5, what is 10 - 423330?
-423320
In base 16, what is 4441 - 0?
4441
In base 2, what is 110111011100 - 1000111011?
101110100001
In base 6, what is 4134523 + 13?
4134540
In base 8, what is -5 - 32227?
-32234
In base 13, what is -3 + 1618?
1615
In base 3, what is 11 - 22211220?
-22211202
In base 8, what is -601161 + -20?
-601201
In base 16, what is -1 - -221f?
221e
In base 12, what is 28 - 9631?
-9605
In base 13, what is -3b7b5 - -5?
-3b7b0
In base 15, what is -21 + -506dc?
-5070d
In base 13, what is 3aaa + -1?
3aa9
In base 6, what is -5 + 141344?
141335
In base 12, what is 4841 + 4?
4845
In base 8, what is -5 + -310477?
-310504
In base 6, what is -230 - -11112?
10442
In base 14, what is -a848 - 6?
-a850
In base 9, what is 64468 + 8?
64477
In base 4, what is 11133 - 11133?
0
In base 13, what is 2 + -5036?
-5034
In base 15, what is e0 - -96b?
a5b
In base 3, what is 10111102110 + 12?
10111102122
In base 8, what is 343 + 2707?
3252
In base 2, what is 100101 - -11101001001011?
11101001110000
In base 16, what is -10ae - -1a6?
-f08
In base 12, what is -9614 + 2?
-9612
In base 4, what is 11 + -2003011?
-2003000
In base 7, what is 16061 + -24?
16034
In base 11, what is -378 - -1744?
1377
In base 12, what is -304 + 83?
-241
In base 14, what is 70 + c4d?
cbd
In base 15, what is -2d0 - -69?
-266
In base 7, what is 15 + -3064?
-3046
In base 7, what is 254303 + 1?
254304
In base 2, what is -1001111000 - -1001?
-1001101111
In base 3, what is -100 - 1022021?
-1022121
In base 5, what is -10 + 112333303?
112333243
In base 16, what is -13 + -953?
-966
In base 13, what is 25 + -4b9?
-494
In base 4, what is 103 - 201320222?
-201320113
In base 15, what is a217 + 9?
a221
In base 13, what is 2 - 6b032?
-6b030
In base 9, what is 24 + -335146?
-335122
In base 14, what is -84244 - 3?
-84247
In base 3, what is 120101 - 210?
112121
In base 12, what is 18a - -431?
5bb
In base 3, what is 2110211 + -10222?
2022212
In base 6, what is -51 + 42434?
42343
In base 16, what is 40a934 + 0?
40a934
In base 15, what is 2 - -3cc0?
3cc2
In base 5, what is -4131203 + 2?
-4131201
In base 7, what is 130100 + -116?
126651
In base 13, what is 1c7 - 16?
1b1
In base 12, what is -1aaa7 + -7?
-1aab2
In base 14, what is 4469 + 0?
4469
In base 11, what is 23607 - 2?
23605
In base 2, what is -10 + 1000111001010?
1000111001000
In base 8, what is 120 + -6301?
-6161
In base 15, what is ad1 - 23?
aad
In base 14, what is 5 + -13d0?
-13c9
In base 12, what is 24 + -9868?
-9844
In base 15, what is 1 - -17e2?
17e3
In base 13, what is 14084 - 4?
14080
In base 16, what is 322 - -649?
96b
In base 15, what is -3db40 - -2?
-3db3d
In base 10, what is 5 + 17462?
17467
In base 2, what is 101011110 + 11001110?
1000101100
In base 2, what is -11111000100001 - 11?
-11111000100100
In base 5, what is -101241 + 124?
-101112
In base 8, what is 474 + -5511?
-5015
In base 11, what is 101 - -10254?
10355
In base 9, what is -82 + 1865?
1773
In base 16, what is 43999 + -4?
43995
In base 10, what is -92765 + 11?
-92754
In base 9, what is -7 - -307136?
307128
In base 16, what is -2 + 1fdc?
1fda
In base 14, what is 47d2 - 6?
47ca
In base 7, what is 1464 + -3252?
-1455
In base 6, what is -10 - 3140225?
-3140235
In base 11, what is 1a02 - 8?
19a5
In base 15, what is -4 - b892?
-b896
In base 9, what is 3 - 7428?
-7425
In base 10, what is -66190 + -4?
-66194
In base 16, what is -1 + 21585?
21584
In base 6, what is -4 - 53354?
-53402
In base 4, what is 11 - 103120220?
-103120203
In base 11, what is -129 - 13?
-141
In base 6, what is 3254 + 1331?
5025
In base 15, what is -12a15 + 0?
-12a15
In base 3, what is 10200 - -222010221?
222021121
In base 4, what is -20122212 - 2?
-20122220
In base 3, what is 120 + -20202020?
-20201200
In base 10, what is 374831 - -4?
374835
In base 4, what is 233 - -100233?
101132
In base 10, what is -2244476 + -5?
-2244481
In base 13, what is -666 - 9?
-672
In base 11, what is -423 + -1572?
